 u. Is v a composite number?
False
Suppose 1016774 = 88*o - 66*o. Is o prime?
False
Let k be (-15)/(-90) + (-170)/12. Let i(g) = 26*g**2 - 61*g + 31. Is i(k) prime?
True
Suppose -3291539 = -86*a + 6*a + 223421. Is a composite?
True
Let d be 76/14 - (54/7)/18. Suppose -4*f = -3*f - 279. Suppose 5*b - 5*n - 330 = 0, 4*n + f = 4*b + d*n. Is b prime?
False
Let t(j) = 1701*j - 718. Is t(29) a prime number?
True
Let l = -92030 + 152239. Is l a prime number?
True
Let b(u) = 2*u**3 - u**2 + u + 1. Let n be b(8). Suppose 0 = -11*k + n + 12374. Is k composite?
False
Is ((-82874)/(-3) + -7 + 10)/((-2)/(-6)) prime?
True
Suppose -34330 = -2*u + 2*s, u - 17171 = -0*u + 2*s. Is u a composite number?
False
Let m = -421853 + 1171134. Is m prime?
False
Let o(s) = -1917*s + 19. Let y(l) = -3832*l + 37. Let w(u) = -5*o(u) + 3*y(u). Is w(-3) a prime number?
True
Is 89852 - 22*(-10)/(-20) a prime number?
False
Suppose 27 = 3*t - 0*t. Let z(i) = i**3 - 10*i**2 + 11*i. Let v be z(t). Let l(h) = 2*h**2 - h + 17. Is l(v) a composite number?
False
Let j(w) = -680*w + 383. Is j(-4) prime?
False
Let d = 212888 + -125851. Is d composite?
False
Let d = 100 - 95. Is 13486/10 - (-2)/d prime?
False
Let f = 29624 - 16227. Is f a prime number?
True
Suppose 2*t + l = 9 + 90, -3*t + l + 141 = 0. Suppose 365 + 3619 = t*d. Is d a composite number?
False
Suppose -5*p - 2*z + 0*z - 3 = 0, 3*z = 3*p - 15. Is (-1)/(p*(-1)/3511) a composite number?
False
Suppose -4*i + 1493 = 3*u, 5*i + 5*u - 1499 = i. Suppose 0 = -8*b + i + 173. Suppose -x + 427 = b. Is x prime?
True
Let b(g) = -g**3 + 52*g**2 - 8*g + 511. Is b(24) prime?
True
Let q = -154 + 155. Is (13810/(-30))/(q/(-9)) a prime number?
False
Suppose -13*c + 5*c + 1144 = 0. Suppose -2*m - 4*b + 9*b = -c, 2*m - 144 = 4*b. Is m prime?
False
Let q = -18190 - -42849. Is q composite?
False
Let u(d) = d**2 - 19*d - 34. Let s be u(21). Let f be -1 + -2*3*(-60)/s. Suppose -5*c + f = k - 112, 4*c - 122 = 2*k. Is c composite?
False
Let h be (7736 + 4 + -2)/(-1). Let d = h + 11145. Is d a prime number?
True
Suppose -8*t + 6*t = -750. Let w = 742 + t. Is w a composite number?
False
Suppose -3*u = 19*m - 23*m - 5411, 2*m = 3*u - 2713. Let a be (4/5)/((-2)/13485). Let g = m - a. Is g a prime number?
False
Let c(r) be the second derivative of -421*r**3/6 + 155*r**2/2 + 3*r - 2. Is c(-6) composite?
True
Suppose 161*t - 269389 = -2*y + 164*t, -2*y + 5*t + 269383 = 0. Is y a prime number?
True
Let m(l) be the third derivative of -l**4/8 - 41*l**3/6 - 20*l**2. Let s be m(-13). Is 9*(1 - -54) + s a composite number?
True
Suppose 4*h = 4524 + 3096. Suppose -2*w - 3*k + 1275 = 0, w - h = -2*w - 2*k. Is w a composite number?
True
Let h(u) = 2*u + 9. Suppose -4*k = a + 15, -3*a - 12 = -2*k + 3*k. Let q be h(a). Is -8 + 8 + (q - 1) + 9 a prime number?
True
Let q be ((-215)/(-5) - -5)*139/(-3). Let k = q - -6089. Is k a prime number?
False
Let u be 0 - -2 - (4 - 4). Suppose -l - u*y = 2*y - 1057, -3*l = -3*y - 3231. Is l a composite number?
True
Let s(t) = -1 + 9*t + 161*t - 32*t - 62*t. Suppose 6*u - u - 10 = -2*k, 25 = 5*k - 4*u. Is s(k) a composite number?
False
Let t(a) = -a**2 + 24*a + 114. Let r be t(28). Is (-467676)/(-48) - r/8 composite?
False
Let l = -237148 - -412497. Is l a composite number?
False
Let t be 2/((-2)/3644*2) + 4. Let m = t + 5275. Is m prime?
True
Is -78682*(13 + (-185)/10) a prime number?
False
Let l = -503063 + 904686. Is l prime?
False
Let t = -63069 - -117064. Is t a composite number?
True
Let i(w) = 3*w - 4. Let a be i(-6). Let p(x) = 5*x**2 - 2*x - 27. Let f(v) = -6*v**2 + 2*v + 26. Let m(g) = 4*f(g) + 5*p(g). Is m(a) prime?
False
Is 20/80*1324*59 composite?
True
Let q = 3017 + -5245. Let x = -969 - q. Is x a prime number?
True
Let j be (2 - -2) + (-5 - -4). Suppose -j*o + 46 = 34. Suppose 0 = m + o*k + 1013 - 2588, 4*m = 3*k + 6224. Is m composite?
False
Is 23/115*(1066402 - -3) composite?
False
Suppose -5*b + 4*c + 78 = 0, -b + 5 + 1 = -4*c. Suppose -5*q = 2*r - b, 0*q = -4*q + 4*r + 20. Suppose k + 2*k + 3 = 0, 0 = q*i + k - 355. Is i prime?
True
Let z(j) be the second derivative of j**5/10 + 11*j**3/6 - 5*j**2/2 - 2*j + 99. Is z(22) a prime number?
False
Suppose 218092 = 4*l + 4*p, 78 - 54 = 4*p. Is l prime?
True
Let t = -3378 + 23351. Suppose -26*o = -682313 - t. Is o a prime number?
True
Let t(c) = 568*c**3 + 8*c + 6. Let j be t(6). Suppose -9*b + j = 9*b. Is b prime?
False
Suppose 3*u + 18477 = 12*u. Let l(n) = n**3 - 26*n**2 + 27*n - 14. Let p be l(25). Let y = u - p. Is y composite?
False
Suppose 13*g - 1434489 = -36898. Is g a composite number?
False
Is 28365 - (52/(-637)*-7)/(2/(-14)) composite?
True
Let u = -219199 + 445278. Is u a prime number?
False
Suppose 0 = -22*p + 259674 + 74528. Is p a composite number?
True
Let i(t) = 2683*t**2 - 87*t + 67. Is i(-11) a composite number?
False
Let n be ((-8)/(-3))/((-5)/(-15)). Suppose 0 = -2*b - 2*b + n. Suppose -376 = -4*l - 5*k, -5*l - b*k = 3*k - 465. Is l prime?
True
Suppose 0 = -79*l + 2507616 + 547235. Is l a composite number?
False
Let v be (-405)/(-11) - 10/(-55). Suppose v*b = 40*b + 9. Is 52 + (-2)/(-2)*b composite?
True
Suppose 2*g + 2*u - 114772 = 0, 179868 - 65076 = 2*g - 3*u. Is ((1/2)/1)/(3/g) prime?
False
Let q(n) = -4*n + n**2 + 4 + 0*n**2 + 7*n - 5*n. Let f be q(2). Suppose f*c - 900 = -0*c - 4*i, -2*c + 447 = 5*i. Is c composite?
True
Suppose -4*t + 185180 = -3*q + 7*q, 6*t = -5*q + 277776. Is t prime?
True
Let a(v) = -v**3 + 5*v**2 - 2*v + 16. Let q be a(5). Suppose 5468 = -2*o + q*o. Is o prime?
True
Let o = 93 - 81. Suppose -13*i + o*i + 3 = 0. Suppose -i*s + 948 = x, 0 = -2*s - 7*x + 2*x + 619. Is s prime?
True
Let w(s) = 25*s**2 + 99*s - 173. Is w(56) a composite number?
True
Let u = 7300 + 1503. Is u a composite number?
False
Let g(d) = -25*d**3 + 24*d**2 + 332*d + 66. Is g(-21) a composite number?
True
Let h(c) = 281*c. Let a(y) = 280*y - 1. Let w(s) = -6*a(s) + 5*h(s). Is w(-3) a composite number?
True
Suppose 5*u = -0*j - 3*j + 37, 0 = -3*j - 4*u + 32. Is 8/6*(16266/j + -6) composite?
True
Let l(n) be the first derivative of 1496*n**2 + 107*n - 33. Is l(6) a prime number?
True
Is (-42)/(-126) - (-3)/((-27)/(-30894)) prime?
True
Suppose -50 = -4*m - 38. Let p be (-27354)/(-8) - m/(-72)*-6. Let q = p - 1590. Is q composite?
True
Let w be (-18 - 56)*(-1 - 0). Is (-7 - 58)*w/(-10) composite?
True
Is ((-7)/(-6))/((-75)/(-4654350)) a prime number?
False
Let l(n) = -7*n. Let v be l(-1). Suppose 2*b - v*b - 5 = -d, 3*d - 15 = -5*b. Is 143*((b - 0) + 1) composite?
True
Let w = 851 + 279. Suppose -5*k + w = -0*k. Suppose 0 = -a - 2*g + 303, 4*a = -4*g + 994 + k. Is a prime?
True
Let x be 150/300*((-1 - -13) + 0). Suppose -8*l + x*l = y - 1259, -3152 = -5*l - y. Is l composite?
False
Suppose a = b + 6283, -b = 3*a - 5945 - 12920. Is a a prime number?
True
Let x = 14084 - 6253. Suppose -5*l - x = -6*l. Let f = 16982 - l. Is f composite?
False
Let g(j) = 2032*j**2 + 8*j + 161. Is g(10) a prime number?
False
Suppose 34 = u + 4*s - 0*s, 4*u = s + 187. Suppose l + 5*r - 4*r = 2, 0 = 3*l - 5*r - u. Let k(d) = 17*d - 16. Is k(l) a composite number?
False
Let y = -30 + 43. Let c(f) = f**3 - 2*f**2 + y - 16*f + 3 + 6. Is c(10) a composite number?
True
Let g(m) = 35*m**3 - m**2 + 8*m - 17. Let h be g(5). Suppose 5*k - 3*r = h, -2*k = -0*k - r - 1750. Suppose k = 3*c + 214. Is c a composite number?
True
Suppose -3*w + 200229 = -3*o, 45*w - 5*o + 200197 = 48*w. Is w composite?
False
Let h(q) = q - 22. Let z be h(5). Let p be (-120)/(-2)*(-2 - z/4). Suppose 0 = g + 2 - p. Is g a prime number?
False
Let z = 14 + -11. Suppose 3*j - 8*j + 56 = 4*b, 0 = 4*j + z*b - 44. Suppose -j*t - 221 = -3669. Is t a composite number?
False
Let i(t) = -45*t - 31. Suppose 11*o - 5*o + 60 = 0. Let f be i(o). Suppose -5*d = -k + 16 + 418, k - f = 2*d. Is k a composite number?
False
Let a(m) be the first derivative of -11*m**4/4 + m**3/3 + m**2/2 + 4*m - 39. Let u(b) = b - 12. Let g be u(9). Is a(g) a composite number?
False
Suppose 45*u - 160 = 5*u. Suppose r = 1, u*d - 4*r = -6*r + 63670. Is d a prime number?
False
Let j(b) be the third derivative of 63*b**4/8 + 95*b**3/6 + 18*b**2. Is j(22) a composite number?
False
Suppose -254*n - 190 = -264*n. Is (95 - -9)*n + 2/2 a composite number